{"id":10549,"date":"2025-10-26T11:26:55","date_gmt":"2025-10-26T11:26:55","guid":{"rendered":"https:\/\/nowa.cycling-boutique.com\/?post_type=product&#038;p=10549"},"modified":"2025-10-26T11:26:56","modified_gmt":"2025-10-26T11:26:56","slug":"bike-ahead-composites-biturbo-gravel-aero","status":"publish","type":"product","link":"https:\/\/cycling-boutique.com\/?product=bike-ahead-composites-biturbo-gravel-aero","title":{"rendered":"BIKE AHEAD COMPOSITES BITURBO GRAVEL \u00c6RO"},"content":{"rendered":"<p><span style=\"font-weight: 400;\">Dane techniczne<\/span><\/p>\n<p><span style=\"font-weight: 400;\">6-ramienna konstrukcja samono\u015bna<\/span><\/p>\n<p><span style=\"font-weight: 400;\">Dopuszczalna waga rowerzysty: 100 kg (kolarz + baga\u017c) &#8211; ASTM2<\/span><\/p>\n<p><span style=\"font-weight: 400;\">Teren: Szuter<\/span><\/p>\n<p><span style=\"font-weight: 400;\">Wyko\u0144czenie: matowy, jednokierunkowy karbon<\/span><\/p>\n<p><span style=\"font-weight: 400;\">Mo\u017cliwo\u015b\u0107 jazdy bezd\u0119tkowej lub z d\u0119tk\u0105<\/span><\/p>\n<p><span style=\"font-weight: 400;\">Wysoko\u015b\u0107 obr\u0119czy: 39,5 mm<\/span><\/p>\n<p><span style=\"font-weight: 400;\">Szeroko\u015b\u0107 wewn\u0119trzna obr\u0119czy: 26 mm<\/span><\/p>\n<p><span style=\"font-weight: 400;\">Specjalne piasty z technologi\u0105 DT Swiss<\/span><\/p>\n<p><span style=\"font-weight: 400;\">Dost\u0119pny b\u0119benek do Shimano Road, Shimano Micro Spline, SRAM XD, SRAM XDR, Campagnolo<\/span><span style=\"font-weight: 400;\"><br \/>\n<\/span><span style=\"font-weight: 400;\">Waga od 1299g<\/span><\/p>\n<p><span style=\"font-weight: 400;\">Wyprodukowano w Niemczech<\/span><\/p>\n<p><span style=\"font-weight: 400;\">W zestawie pokrowiec na ko\u0142o i zawory bezd\u0119tkowe<\/span><\/p>\n","protected":false},"excerpt":{"rendered":"<p><span style=\"font-weight: 400;\">\u017badnych kompromis\u00f3w i pe\u0142na moc na wszystkich trasach. Nasz lekki i aerodynamiczny BITURBO GRAVEL \u00c6RO jest zawsze gotowy na przygod\u0119.<\/span><\/p>\n","protected":false},"featured_media":10550,"comment_status":"open","ping_status":"closed","template":"","meta":{"inline_featured_image":false},"product_cat":[146,80,90],"product_tag":[],"class_list":{"0":"post-10549","1":"product","2":"type-product","3":"status-publish","4":"has-post-thumbnail","6":"product_cat-bikeahead","7":"product_cat-czesci","8":"product_cat-kola","10":"first","11":"onbackorder","12":"taxable","13":"shipping-taxable","14":"purchasable","15":"product-type-simple"},"_links":{"self":[{"href":"https:\/\/cycling-boutique.com\/index.php?rest_route=\/wp\/v2\/product\/10549","targetHints":{"allow":["GET"]}}],"collection":[{"href":"https:\/\/cycling-boutique.com\/index.php?rest_route=\/wp\/v2\/product"}],"about":[{"href":"https:\/\/cycling-boutique.com\/index.php?rest_route=\/wp\/v2\/types\/product"}],"replies":[{"embeddable":true,"href":"https:\/\/cycling-boutique.com\/index.php?rest_route=%2Fwp%2Fv2%2Fcomments&post=10549"}],"wp:featuredmedia":[{"embeddable":true,"href":"https:\/\/cycling-boutique.com\/index.php?rest_route=\/wp\/v2\/media\/10550"}],"wp:attachment":[{"href":"https:\/\/cycling-boutique.com\/index.php?rest_route=%2Fwp%2Fv2%2Fmedia&parent=10549"}],"wp:term":[{"taxonomy":"product_cat","embeddable":true,"href":"https:\/\/cycling-boutique.com\/index.php?rest_route=%2Fwp%2Fv2%2Fproduct_cat&post=10549"},{"taxonomy":"product_tag","embeddable":true,"href":"https:\/\/cycling-boutique.com\/index.php?rest_route=%2Fwp%2Fv2%2Fproduct_tag&post=10549"}],"curies":[{"name":"wp","href":"https:\/\/api.w.org\/{rel}","templated":true}]}}