{"id":10559,"date":"2025-10-26T11:51:14","date_gmt":"2025-10-26T11:51:14","guid":{"rendered":"https:\/\/nowa.cycling-boutique.com\/?post_type=product&#038;p=10559"},"modified":"2025-10-26T11:51:14","modified_gmt":"2025-10-26T11:51:14","slug":"bike-ahead-composites-safewing-30-xc-pi-rope","status":"publish","type":"product","link":"https:\/\/cycling-boutique.com\/?product=bike-ahead-composites-safewing-30-xc-pi-rope","title":{"rendered":"BIKE AHEAD COMPOSITES SAFEWING 30 XC Pi Rope"},"content":{"rendered":"<p><span style=\"font-weight: 400;\">Dane techniczne<\/span><\/p>\n<p><span style=\"font-weight: 400;\">Teren: Cross Country, Down Country, XC Trail<\/span><\/p>\n<p><span style=\"font-weight: 400;\">Limit wagi u\u017cytkownika: 105 kg (u\u017cytkownik + baga\u017c), ASTM3<\/span><\/p>\n<p><span style=\"font-weight: 400;\">B\u0119benek SRAM XD i Shimano Micro Spline<\/span><\/p>\n<p><span style=\"font-weight: 400;\">Asymetria: 3 mm<\/span><\/p>\n<p><span style=\"font-weight: 400;\">Obr\u0119cze: szeroko\u015b\u0107 wewn\u0119trzna 30 mm, opatentowana konstrukcja Safe-Wing, 28 otwor\u00f3w<\/span><\/p>\n<p><span style=\"font-weight: 400;\">Piasty Nonplus Components MTB Boost (piasta Lefty jest produkowana przez PiRope) z opatentowanym systemem blokady b\u0119benka dla optymalnego przenoszenia mocy.<\/span><\/p>\n<p><span style=\"font-weight: 400;\">Standard piasty: 12&#215;148, 15&#215;110, Lefty Ocho 2.0 6-\u015brubowe mocowanie tarczowe<\/span><\/p>\n<p><span style=\"font-weight: 400;\">Szprychy tekstylne Pi Rope, r\u0119cznie robione<\/span><\/p>\n<p><span style=\"font-weight: 400;\">Wszystkie cz\u0119\u015bci wyprodukowane w Niemczech<\/span><\/p>\n<p><span style=\"font-weight: 400;\">Mo\u017cliwo\u015b\u0107 jazdy bezd\u0119tkowej lub z d\u0119tk\u0105<\/span><\/p>\n<p><span style=\"font-weight: 400;\">Wymiana w razie wypadku w ci\u0105gu 3 lat od zakupu<\/span><\/p>\n<p><span style=\"font-weight: 400;\">W zestawie wentyle bezd\u0119tkowe, ta\u015bma uszczelniaj\u0105ca i pokrowiec na ko\u0142o.<\/span><\/p>\n","protected":false},"excerpt":{"rendered":"<p><span style=\"font-weight: 400;\">Nasz najlepszy zestaw k\u00f3\u0142 XC:<br \/>\nwewn\u0119trzna szeroko\u015b\u0107 obr\u0119czy 30 mm,<br \/>\nsuperlekka waga 1132 gram\u00f3w ,<br \/>\nw 100% wyprodukowana w Niemczech.<\/span><\/p>\n","protected":false},"featured_media":10560,"comment_status":"open","ping_status":"closed","template":"","meta":{"inline_featured_image":false},"product_cat":[146,80,90],"product_tag":[],"class_list":{"0":"post-10559","1":"product","2":"type-product","3":"status-publish","4":"has-post-thumbnail","6":"product_cat-bikeahead","7":"product_cat-czesci","8":"product_cat-kola","10":"first","11":"onbackorder","12":"taxable","13":"shipping-taxable","14":"purchasable","15":"product-type-simple"},"_links":{"self":[{"href":"https:\/\/cycling-boutique.com\/index.php?rest_route=\/wp\/v2\/product\/10559","targetHints":{"allow":["GET"]}}],"collection":[{"href":"https:\/\/cycling-boutique.com\/index.php?rest_route=\/wp\/v2\/product"}],"about":[{"href":"https:\/\/cycling-boutique.com\/index.php?rest_route=\/wp\/v2\/types\/product"}],"replies":[{"embeddable":true,"href":"https:\/\/cycling-boutique.com\/index.php?rest_route=%2Fwp%2Fv2%2Fcomments&post=10559"}],"wp:featuredmedia":[{"embeddable":true,"href":"https:\/\/cycling-boutique.com\/index.php?rest_route=\/wp\/v2\/media\/10560"}],"wp:attachment":[{"href":"https:\/\/cycling-boutique.com\/index.php?rest_route=%2Fwp%2Fv2%2Fmedia&parent=10559"}],"wp:term":[{"taxonomy":"product_cat","embeddable":true,"href":"https:\/\/cycling-boutique.com\/index.php?rest_route=%2Fwp%2Fv2%2Fproduct_cat&post=10559"},{"taxonomy":"product_tag","embeddable":true,"href":"https:\/\/cycling-boutique.com\/index.php?rest_route=%2Fwp%2Fv2%2Fproduct_tag&post=10559"}],"curies":[{"name":"wp","href":"https:\/\/api.w.org\/{rel}","templated":true}]}}