{"id":10571,"date":"2025-10-26T12:16:37","date_gmt":"2025-10-26T12:16:37","guid":{"rendered":"https:\/\/nowa.cycling-boutique.com\/?post_type=product&#038;p=10571"},"modified":"2025-10-26T12:16:38","modified_gmt":"2025-10-26T12:16:38","slug":"black-inc-sixty-two","status":"publish","type":"product","link":"https:\/\/cycling-boutique.com\/?product=black-inc-sixty-two","title":{"rendered":"BLACK INC SIXTY TWO"},"content":{"rendered":"<p><span style=\"font-weight: 400;\">SPECYFIKACJA<\/span><\/p>\n<p>&nbsp;<\/p>\n<p><span style=\"font-weight: 400;\">Szprychy 20 czarnych, proste szprychy Aero Carbon<\/span><\/p>\n<p><span style=\"font-weight: 400;\">Zaplot szprych 2x\/2x<\/span><\/p>\n<p><span style=\"font-weight: 400;\">Nyple czarne, powi\u0119kszone, wewn\u0119trzne, aluminiowe<\/span><\/p>\n<p><span style=\"font-weight: 400;\">Waga Shimano: 1398 g (prz\u00f3d: 601 g, ty\u0142: 798 g)<\/span><\/p>\n<p><span style=\"font-weight: 400;\">*Waga nie obejmuje opaski bezd\u0119tkowej i niekt\u00f3rych cz\u0119\u015bci metalowych.<\/span><\/p>\n<p><span style=\"font-weight: 400;\">Kompatybilno\u015b\u0107 Kaseta Shimano HG 11\/12 bieg\u00f3w, SRAM 10\/11 bieg\u00f3w, SRAM 12 bieg\u00f3w<\/span><\/p>\n<p><span style=\"font-weight: 400;\">Piasta prz\u00f3d, ty\u0142: HU-08 High Flange Alloy Body WT<\/span><\/p>\n<p><span style=\"font-weight: 400;\">Szeroko\u015b\u0107 piasty prz\u00f3d: 100 mm \/ ty\u0142: 142 mm<\/span><\/p>\n<p><span style=\"font-weight: 400;\">Typ osi: 12 mm Thru Axle<\/span><\/p>\n<p><span style=\"font-weight: 400;\">\u0141o\u017cyska Black Inc + CeramicSpeed \u200b\u200bWT<\/span><\/p>\n<p><span style=\"font-weight: 400;\">Mocowanie tarczy: Center Lock<\/span><\/p>\n<p><span style=\"font-weight: 400;\">Obr\u0119cz &#8211; Klasyfikacja ASTM 1<\/span><\/p>\n<p><span style=\"font-weight: 400;\">Materia\u0142: W\u0142\u00f3kno w\u0119glowe o wysokiej spr\u0119\u017cysto\u015bci (T-700\/ T-800\/ T-1100)<\/span><\/p>\n<p><span style=\"font-weight: 400;\">Wyko\u0144czenie: Lakier bezbarwny b\u0142yszcz\u0105cy UD<\/span><\/p>\n<p><span style=\"font-weight: 400;\">Typ opony: Bezd\u0119tkowe i d\u0119tkowe<\/span><\/p>\n<p><span style=\"font-weight: 400;\">Zalecany rozmiar opony: 700c x 28 mm<\/span><\/p>\n<p><span style=\"font-weight: 400;\">Wysoko\u015b\u0107 obr\u0119czy prz\u00f3d, ty\u0142: 62 mm<\/span><\/p>\n<p><span style=\"font-weight: 400;\">Szeroko\u015b\u0107 obr\u0119czy (wewn\u0119trzna): 23 mm \/ zewn\u0119trzna: 29 mm<\/span><\/p>\n<p><span style=\"font-weight: 400;\">Naklejki: Kalkomanie z polerowanym, b\u0142yszcz\u0105cym lakierem bezbarwnym<\/span><\/p>\n","protected":false},"excerpt":{"rendered":"<p><span style=\"font-weight: 400;\">Ko\u0142a SIXTY TWO s\u0105 r\u0119cznie budowane przez rzemie\u015blnik\u00f3w i kontrolowane za pomoc\u0105 najnowocze\u015bniejszych maszyn elektronicznych. Ten proces gwarantuje jako\u015b\u0107, wydajno\u015b\u0107 i niezawodno\u015b\u0107 ka\u017cdego ko\u0142a.<\/span><\/p>\n","protected":false},"featured_media":10572,"comment_status":"open","ping_status":"closed","template":"","meta":{"inline_featured_image":false},"product_cat":[148,80,90],"product_tag":[],"class_list":{"0":"post-10571","1":"product","2":"type-product","3":"status-publish","4":"has-post-thumbnail","6":"product_cat-blackinc","7":"product_cat-czesci","8":"product_cat-kola","10":"first","11":"onbackorder","12":"taxable","13":"shipping-taxable","14":"purchasable","15":"product-type-simple"},"_links":{"self":[{"href":"https:\/\/cycling-boutique.com\/index.php?rest_route=\/wp\/v2\/product\/10571","targetHints":{"allow":["GET"]}}],"collection":[{"href":"https:\/\/cycling-boutique.com\/index.php?rest_route=\/wp\/v2\/product"}],"about":[{"href":"https:\/\/cycling-boutique.com\/index.php?rest_route=\/wp\/v2\/types\/product"}],"replies":[{"embeddable":true,"href":"https:\/\/cycling-boutique.com\/index.php?rest_route=%2Fwp%2Fv2%2Fcomments&post=10571"}],"wp:featuredmedia":[{"embeddable":true,"href":"https:\/\/cycling-boutique.com\/index.php?rest_route=\/wp\/v2\/media\/10572"}],"wp:attachment":[{"href":"https:\/\/cycling-boutique.com\/index.php?rest_route=%2Fwp%2Fv2%2Fmedia&parent=10571"}],"wp:term":[{"taxonomy":"product_cat","embeddable":true,"href":"https:\/\/cycling-boutique.com\/index.php?rest_route=%2Fwp%2Fv2%2Fproduct_cat&post=10571"},{"taxonomy":"product_tag","embeddable":true,"href":"https:\/\/cycling-boutique.com\/index.php?rest_route=%2Fwp%2Fv2%2Fproduct_tag&post=10571"}],"curies":[{"name":"wp","href":"https:\/\/api.w.org\/{rel}","templated":true}]}}