{"id":10616,"date":"2025-10-27T13:38:18","date_gmt":"2025-10-27T13:38:18","guid":{"rendered":"https:\/\/nowa.cycling-boutique.com\/?post_type=product&#038;p=10616"},"modified":"2025-10-27T13:42:52","modified_gmt":"2025-10-27T13:42:52","slug":"carbon-ti-x-fix","status":"publish","type":"product","link":"https:\/\/cycling-boutique.com\/?product=carbon-ti-x-fix","title":{"rendered":"Carbon-Ti X-Fix"},"content":{"rendered":"<p>Dost\u0119pne kolory: czarny, srebrny, czerwony, niebieski, zielony, z\u0142oty, limonkowy<\/p>\n","protected":false},"excerpt":{"rendered":"<p>\u015aruba mocuj\u0105ca tarcz\u0119 \u0142a\u0144cuchow\u0105 Al7075 o standardowej d\u0142ugo\u015bci (zestaw 5 szt).<br \/>\nDost\u0119pne w trzech szeroko\u015bciach w zale\u017cno\u015bci od grubo\u015bci z\u0119batek mechanizmu korbowego.<\/p>\n","protected":false},"featured_media":10619,"comment_status":"open","ping_status":"closed","template":"","meta":{"inline_featured_image":false},"product_cat":[89,160,80,170,168],"product_tag":[],"class_list":{"0":"post-10616","1":"product","2":"type-product","3":"status-publish","4":"has-post-thumbnail","6":"product_cat-bizuteria-rowerowa","7":"product_cat-carbon-ti","8":"product_cat-czesci","9":"product_cat-sruby","10":"product_cat-zebatki","12":"first","13":"onbackorder","14":"taxable","15":"shipping-taxable","16":"purchasable","17":"product-type-simple"},"_links":{"self":[{"href":"https:\/\/cycling-boutique.com\/index.php?rest_route=\/wp\/v2\/product\/10616","targetHints":{"allow":["GET"]}}],"collection":[{"href":"https:\/\/cycling-boutique.com\/index.php?rest_route=\/wp\/v2\/product"}],"about":[{"href":"https:\/\/cycling-boutique.com\/index.php?rest_route=\/wp\/v2\/types\/product"}],"replies":[{"embeddable":true,"href":"https:\/\/cycling-boutique.com\/index.php?rest_route=%2Fwp%2Fv2%2Fcomments&post=10616"}],"wp:featuredmedia":[{"embeddable":true,"href":"https:\/\/cycling-boutique.com\/index.php?rest_route=\/wp\/v2\/media\/10619"}],"wp:attachment":[{"href":"https:\/\/cycling-boutique.com\/index.php?rest_route=%2Fwp%2Fv2%2Fmedia&parent=10616"}],"wp:term":[{"taxonomy":"product_cat","embeddable":true,"href":"https:\/\/cycling-boutique.com\/index.php?rest_route=%2Fwp%2Fv2%2Fproduct_cat&post=10616"},{"taxonomy":"product_tag","embeddable":true,"href":"https:\/\/cycling-boutique.com\/index.php?rest_route=%2Fwp%2Fv2%2Fproduct_tag&post=10616"}],"curies":[{"name":"wp","href":"https:\/\/api.w.org\/{rel}","templated":true}]}}