{"id":10620,"date":"2025-10-27T13:46:33","date_gmt":"2025-10-27T13:46:33","guid":{"rendered":"https:\/\/nowa.cycling-boutique.com\/?post_type=product&#038;p=10620"},"modified":"2025-10-27T13:46:33","modified_gmt":"2025-10-27T13:46:33","slug":"carbon-ti-x-cover-da9200-black","status":"publish","type":"product","link":"https:\/\/cycling-boutique.com\/?product=carbon-ti-x-cover-da9200-black","title":{"rendered":"Carbon-Ti X-Cover DA9200 Black"},"content":{"rendered":"<p>\u015aruby mocuj\u0105ce tarcz\u0119 AL7075, obrabiane CNC, zestaw dedykowany do korb Shimano DuraAce 9200 12s, DuraAce 9200-P 12, Ultegra FC-R8100 i FC-R8100-P.<br \/>\nNiekompatybilny z innymi modelami (np. DuraAce 9100, Ultegra, 105&#8230;). Zawiera 4 \u015bruby \u017ce\u0144skie i 4 m\u0119skie o standardowej d\u0142ugo\u015bci.<br \/>\nZestawy \u015brub mocuj\u0105cych X-Cover do tarcz X-Carboring EVO zapewniaj\u0105 solidne i eleganckie po\u0142\u0105czenie oraz doskona\u0142e przenoszenie mocy.<\/p>\n","protected":false},"excerpt":{"rendered":"<p>Dost\u0119pne wersje do z\u0119batek 1x i 2x<br \/>\nWaga: ok 23g<\/p>\n","protected":false},"featured_media":10621,"comment_status":"open","ping_status":"closed","template":"","meta":{"inline_featured_image":false},"product_cat":[89,160,80,170,168],"product_tag":[],"class_list":{"0":"post-10620","1":"product","2":"type-product","3":"status-publish","4":"has-post-thumbnail","6":"product_cat-bizuteria-rowerowa","7":"product_cat-carbon-ti","8":"product_cat-czesci","9":"product_cat-sruby","10":"product_cat-zebatki","12":"first","13":"onbackorder","14":"taxable","15":"shipping-taxable","16":"purchasable","17":"product-type-simple"},"_links":{"self":[{"href":"https:\/\/cycling-boutique.com\/index.php?rest_route=\/wp\/v2\/product\/10620","targetHints":{"allow":["GET"]}}],"collection":[{"href":"https:\/\/cycling-boutique.com\/index.php?rest_route=\/wp\/v2\/product"}],"about":[{"href":"https:\/\/cycling-boutique.com\/index.php?rest_route=\/wp\/v2\/types\/product"}],"replies":[{"embeddable":true,"href":"https:\/\/cycling-boutique.com\/index.php?rest_route=%2Fwp%2Fv2%2Fcomments&post=10620"}],"wp:featuredmedia":[{"embeddable":true,"href":"https:\/\/cycling-boutique.com\/index.php?rest_route=\/wp\/v2\/media\/10621"}],"wp:attachment":[{"href":"https:\/\/cycling-boutique.com\/index.php?rest_route=%2Fwp%2Fv2%2Fmedia&parent=10620"}],"wp:term":[{"taxonomy":"product_cat","embeddable":true,"href":"https:\/\/cycling-boutique.com\/index.php?rest_route=%2Fwp%2Fv2%2Fproduct_cat&post=10620"},{"taxonomy":"product_tag","embeddable":true,"href":"https:\/\/cycling-boutique.com\/index.php?rest_route=%2Fwp%2Fv2%2Fproduct_tag&post=10620"}],"curies":[{"name":"wp","href":"https:\/\/api.w.org\/{rel}","templated":true}]}}