{"id":10714,"date":"2025-11-02T09:15:57","date_gmt":"2025-11-02T09:15:57","guid":{"rendered":"https:\/\/nowa.cycling-boutique.com\/?post_type=product&#038;p=10714"},"modified":"2026-01-23T12:21:47","modified_gmt":"2026-01-23T12:21:47","slug":"black-inc-three-front","status":"publish","type":"product","link":"https:\/\/cycling-boutique.com\/?product=black-inc-three-front","title":{"rendered":"Black Inc Three front"},"content":{"rendered":"<p>SPECYFIKACJA<\/p>\n<p>Szprychy: Trzy szprychy Aero Foil Carbon<br \/>\nWaga: 890 g (*Waga bez ta\u015bmy na obr\u0119cz)<br \/>\nPiasta: Korpus ze stopu HU-09<br \/>\nSzeroko\u015b\u0107 piasty: 100 mm<br \/>\nTyp osi: O\u015b przelotowa 12 mm<br \/>\n\u0141o\u017cyska: Black Inc + CeramicSpeed<br \/>\nInterfejs hamulca: Center Lock<br \/>\nObr\u0119cz &#8211; Klasyfikacja ASTM Poziom 1<br \/>\nMateria\u0142: W\u0142\u00f3kno w\u0119glowe o wysokim module spr\u0119\u017cysto\u015bci (T-1100)<br \/>\nWyko\u0144czenie: Lakier bezbarwny TEXTREME z po\u0142yskiem<br \/>\nTyp interfejsu: Bezd\u0119tkowe i D\u0119tkowe<br \/>\nZalecany rozmiar opony: 700c x 28 mm<br \/>\nWysoko\u015b\u0107 obr\u0119czy: 66 mm<br \/>\nSzeroko\u015b\u0107 obr\u0119czy: wewn\u0119trzna: 23 mm \/ zewn\u0119trzna: 31,6 mm<br \/>\nNaklejki: Kalkomanie<\/p>\n","protected":false},"excerpt":{"rendered":"<p>Ewolucja ko\u0142a THREE . To idealne uzupe\u0142nienie tylnego ko\u0142a \u201eZERO\u201d z tarcz\u0105, wprowadzonego na rynek dwa lata temu. Dzi\u0119ki zastosowaniu zmiennego przekroju w konstrukcji \u201ekamm tail\u201d od obr\u0119czy do piasty, uwzgl\u0119dniaj\u0105cego r\u00f3\u017cne pr\u0119dko\u015bci obrotowe, profil obr\u0119czy o szeroko\u015bci 66 mm jest zoptymalizowany pod k\u0105tem nowoczesnych opon bezd\u0119tkowych 28 mm 700c. Po raz pierwszy \u201e3\u201d b\u0119dzie standardowo wyposa\u017cone w \u0142o\u017cyska CeramicSpeed.<\/p>\n","protected":false},"featured_media":10715,"comment_status":"open","ping_status":"closed","template":"","meta":{"inline_featured_image":false},"product_cat":[148,80,90],"product_tag":[],"class_list":{"0":"post-10714","1":"product","2":"type-product","3":"status-publish","4":"has-post-thumbnail","6":"product_cat-blackinc","7":"product_cat-czesci","8":"product_cat-kola","10":"first","11":"instock","12":"taxable","13":"shipping-taxable","14":"purchasable","15":"product-type-simple"},"_links":{"self":[{"href":"https:\/\/cycling-boutique.com\/index.php?rest_route=\/wp\/v2\/product\/10714","targetHints":{"allow":["GET"]}}],"collection":[{"href":"https:\/\/cycling-boutique.com\/index.php?rest_route=\/wp\/v2\/product"}],"about":[{"href":"https:\/\/cycling-boutique.com\/index.php?rest_route=\/wp\/v2\/types\/product"}],"replies":[{"embeddable":true,"href":"https:\/\/cycling-boutique.com\/index.php?rest_route=%2Fwp%2Fv2%2Fcomments&post=10714"}],"wp:featuredmedia":[{"embeddable":true,"href":"https:\/\/cycling-boutique.com\/index.php?rest_route=\/wp\/v2\/media\/10715"}],"wp:attachment":[{"href":"https:\/\/cycling-boutique.com\/index.php?rest_route=%2Fwp%2Fv2%2Fmedia&parent=10714"}],"wp:term":[{"taxonomy":"product_cat","embeddable":true,"href":"https:\/\/cycling-boutique.com\/index.php?rest_route=%2Fwp%2Fv2%2Fproduct_cat&post=10714"},{"taxonomy":"product_tag","embeddable":true,"href":"https:\/\/cycling-boutique.com\/index.php?rest_route=%2Fwp%2Fv2%2Fproduct_tag&post=10714"}],"curies":[{"name":"wp","href":"https:\/\/api.w.org\/{rel}","templated":true}]}}