{"id":10717,"date":"2025-11-02T09:19:28","date_gmt":"2025-11-02T09:19:28","guid":{"rendered":"https:\/\/nowa.cycling-boutique.com\/?post_type=product&#038;p=10717"},"modified":"2026-01-23T12:20:59","modified_gmt":"2026-01-23T12:20:59","slug":"black-inc-zero-rear","status":"publish","type":"product","link":"https:\/\/cycling-boutique.com\/?product=black-inc-zero-rear","title":{"rendered":"Black Inc Zero rear"},"content":{"rendered":"<p>Specyfikacja<br \/>\nWaga Shimano: 1098 g<br \/>\nKompatybilno\u015b\u0107: kaseta Shimano HG 11\/12 bieg\u00f3w Kaseta SRAM 10\/11 bieg\u00f3w Kaseta SRAM 12 bieg\u00f3w<br \/>\nPiasta: Korpus aluminiowy, b\u0119benek 24 z\u0119by<br \/>\nSzeroko\u015b\u0107 piasty: 142 mm<br \/>\nTyp osi: o\u015b przelotowa 12 mm<br \/>\nPiasta: \u0141o\u017cyska: Stal nierdzewna<br \/>\nPiasta: Interfejs hamulca: Center Lock<br \/>\nObr\u0119cz: Klasyfikacja ASTM Poziom 1<br \/>\nObr\u0119cz: Materia\u0142: W\u0142\u00f3kno w\u0119glowe o wysokim module spr\u0119\u017cysto\u015bci (T-1100)<br \/>\nWyko\u0144czenie: Lakier bezbarwny TEXTREME z po\u0142yskiem<br \/>\nTyp opony: Bezd\u0119tkowe i D\u0119tkowe<br \/>\nZalecany rozmiar opony: 700c x 25 mm<br \/>\nSzeroko\u015b\u0107 obr\u0119czy: Wewn\u0119trzna: 21 mm \/ Zewn\u0119trzna: 30 mm<br \/>\nNaklejki na obr\u0119cz: Kalkomanie<\/p>\n","protected":false},"excerpt":{"rendered":"<p>Wykorzystuj\u0105c technologi\u0119 Textreme Carbon Fiber i nasze do\u015bwiadczenie w zakresie uk\u0142adania w\u0142\u00f3kien w\u0119glowych, model Black Inc ZERO 3.0 stanowi ewolucj\u0119 w naszej ofercie szosowych k\u00f3\u0142 tarczowych. W por\u00f3wnaniu z poprzednimi modelami udoskonalili\u015bmy komponenty karbonowe, stosuj\u0105c w\u0142\u00f3kna Textreme Carbon, wykonane g\u0142\u00f3wnie z w\u0142\u00f3kien T-1100, zachowuj\u0105c jednocze\u015bnie t\u0119 sam\u0105 wyj\u0105tkow\u0105 platform\u0119 piasty. L\u017cejszy uk\u0142ad w\u0142\u00f3kien, udoskonalona estetyka i lepszy stosunek sztywno\u015bci do masy sprawiaj\u0105, \u017ce ZERO 3.0 jest liderem w swojej klasie.<\/p>\n","protected":false},"featured_media":10716,"comment_status":"open","ping_status":"closed","template":"","meta":{"inline_featured_image":false},"product_cat":[148,80,90],"product_tag":[],"class_list":{"0":"post-10717","1":"product","2":"type-product","3":"status-publish","4":"has-post-thumbnail","6":"product_cat-blackinc","7":"product_cat-czesci","8":"product_cat-kola","10":"first","11":"instock","12":"taxable","13":"shipping-taxable","14":"purchasable","15":"product-type-simple"},"_links":{"self":[{"href":"https:\/\/cycling-boutique.com\/index.php?rest_route=\/wp\/v2\/product\/10717","targetHints":{"allow":["GET"]}}],"collection":[{"href":"https:\/\/cycling-boutique.com\/index.php?rest_route=\/wp\/v2\/product"}],"about":[{"href":"https:\/\/cycling-boutique.com\/index.php?rest_route=\/wp\/v2\/types\/product"}],"replies":[{"embeddable":true,"href":"https:\/\/cycling-boutique.com\/index.php?rest_route=%2Fwp%2Fv2%2Fcomments&post=10717"}],"wp:featuredmedia":[{"embeddable":true,"href":"https:\/\/cycling-boutique.com\/index.php?rest_route=\/wp\/v2\/media\/10716"}],"wp:attachment":[{"href":"https:\/\/cycling-boutique.com\/index.php?rest_route=%2Fwp%2Fv2%2Fmedia&parent=10717"}],"wp:term":[{"taxonomy":"product_cat","embeddable":true,"href":"https:\/\/cycling-boutique.com\/index.php?rest_route=%2Fwp%2Fv2%2Fproduct_cat&post=10717"},{"taxonomy":"product_tag","embeddable":true,"href":"https:\/\/cycling-boutique.com\/index.php?rest_route=%2Fwp%2Fv2%2Fproduct_tag&post=10717"}],"curies":[{"name":"wp","href":"https:\/\/api.w.org\/{rel}","templated":true}]}}