{"id":10936,"date":"2025-12-06T10:05:00","date_gmt":"2025-12-06T10:05:00","guid":{"rendered":"https:\/\/nowa.cycling-boutique.com\/?post_type=product&#038;p=10936"},"modified":"2025-12-06T10:05:00","modified_gmt":"2025-12-06T10:05:00","slug":"pinarello-nytro-e5","status":"publish","type":"product","link":"https:\/\/cycling-boutique.com\/?product=pinarello-nytro-e5","title":{"rendered":"Pinarello NYTRO E5"},"content":{"rendered":"<p>Rama: karbon Toray T700 UD \u2013 lekka, sztywna i komfortowa.<br \/>\nSilnik: TQ-HPR50 (250 W, 50 Nm) \u2013 ultrakompaktowy, cichy i niezwykle wydajny, daj\u0105cy naturalne odczucia z jazdy.<br \/>\nWyposa\u017cenie dodatkowe: zintegrowane o\u015bwietlenie + dodatkowa bateria montowana w miejscu bidonu.<br \/>\nRozmiar: 53 \u2013 idealny dla os\u00f3b 172-179cm<br \/>\nStan: przebieg jedynie 70 km \u2013 rower w wersji demo\/testowej.<br \/>\nCena katalogowa: 31 999 z\u0142.<br \/>\nGwarancja: rower obj\u0119ty pe\u0142n\u0105 gwarancj\u0105 producenta.<\/p>\n","protected":false},"excerpt":{"rendered":"<p>Wyj\u0105tkowy miejski rower elektryczny dla os\u00f3b, kt\u00f3re chc\u0105 wyr\u00f3\u017cni\u0107 si\u0119 w t\u0142umie i cieszy\u0107 si\u0119 jazd\u0105 w najlepszym w\u0142oskim stylu.<br \/>\nPinarello NYTRO E5 to nie tylko rower elektryczny \u2013 to po\u0142\u0105czenie elegancji, zaawansowanej technologii i w\u0142oskiego designu, kt\u00f3re sprawi, \u017ce w miejskim ruchu zawsze b\u0119dziesz o krok przed innymi.<\/p>\n","protected":false},"featured_media":10938,"comment_status":"open","ping_status":"closed","template":"","meta":{"inline_featured_image":false},"product_cat":[81,78,143],"product_tag":[],"class_list":{"0":"post-10936","1":"product","2":"type-product","3":"status-publish","4":"has-post-thumbnail","6":"product_cat-pinarello","7":"product_cat-rowery","8":"product_cat-demo","10":"first","11":"instock","12":"taxable","13":"shipping-taxable","14":"purchasable","15":"product-type-simple"},"_links":{"self":[{"href":"https:\/\/cycling-boutique.com\/index.php?rest_route=\/wp\/v2\/product\/10936","targetHints":{"allow":["GET"]}}],"collection":[{"href":"https:\/\/cycling-boutique.com\/index.php?rest_route=\/wp\/v2\/product"}],"about":[{"href":"https:\/\/cycling-boutique.com\/index.php?rest_route=\/wp\/v2\/types\/product"}],"replies":[{"embeddable":true,"href":"https:\/\/cycling-boutique.com\/index.php?rest_route=%2Fwp%2Fv2%2Fcomments&post=10936"}],"wp:featuredmedia":[{"embeddable":true,"href":"https:\/\/cycling-boutique.com\/index.php?rest_route=\/wp\/v2\/media\/10938"}],"wp:attachment":[{"href":"https:\/\/cycling-boutique.com\/index.php?rest_route=%2Fwp%2Fv2%2Fmedia&parent=10936"}],"wp:term":[{"taxonomy":"product_cat","embeddable":true,"href":"https:\/\/cycling-boutique.com\/index.php?rest_route=%2Fwp%2Fv2%2Fproduct_cat&post=10936"},{"taxonomy":"product_tag","embeddable":true,"href":"https:\/\/cycling-boutique.com\/index.php?rest_route=%2Fwp%2Fv2%2Fproduct_tag&post=10936"}],"curies":[{"name":"wp","href":"https:\/\/api.w.org\/{rel}","templated":true}]}}