{"id":11983,"date":"2026-01-27T15:46:18","date_gmt":"2026-01-27T15:46:18","guid":{"rendered":"https:\/\/cycling-boutique.com\/?post_type=product&#038;p=11983"},"modified":"2026-02-21T16:50:36","modified_gmt":"2026-02-21T16:50:36","slug":"kask-kask-protone-icon-black","status":"publish","type":"product","link":"https:\/\/cycling-boutique.com\/?product=kask-kask-protone-icon-black","title":{"rendered":"Kask KASK Protone Icon Black"},"content":{"rendered":"<p><span class=\"wartosc\"><b>Kask Protone Icon zwi\u0119ksza wydajno\u015b\u0107 do granic mo\u017cliwo\u015bci dzi\u0119ki doskona\u0142ej r\u00f3wnowadze wydajno\u015bci, aerodynamiki i bezpiecze\u0144stwa.<\/b><\/span><\/p>\n<p>&nbsp;<\/p>\n<ul>\n<li>innowacyjna wewn\u0119trzny stela\u017c wzmacniaj\u0105cy zwi\u0119ksza wytrzyma\u0142o\u015b\u0107 mechaniczn\u0105 przy zachowaniu kompaktowych rozmiar\u00f3w, w przypadku uderzenia zapobiega rozpadowi kasku na wiele kawa\u0142k\u00f3w, zapewniaj\u0105c u\u017cytkownikowi wi\u0119ksze bezpiecze\u0144stwo<\/li>\n<li>bezszwowe po\u0142\u0105czenie dolnej i g\u00f3rnej cz\u0119\u015bci skorupy nadaje kaskowi wyrafinowany, elegancki wygl\u0105d i poprawia aerodynamik\u0119<\/li>\n<li>system regulacji Octofit+ wyposa\u017cony jest w du\u017ce pokr\u0119t\u0142o pokryte gum\u0105 zwi\u0119kszaj\u0105c\u0105 przyczepno\u015b\u0107 palc\u00f3w<\/li>\n<li>pionowy stabilizator zwi\u0119ksza stabilno\u015b\u0107 kasku, zapewniaj\u0105c indywidualne dopasowanie dla rowerzyst\u00f3w z d\u0142u\u017cszymi w\u0142osami<\/li>\n<li>ergonomiczne podparcie na karku zapewnia szybkie i bezpieczne dopasowanie do ty\u0142u g\u0142owy<\/li>\n<li>wewn\u0119trzne wk\u0142adki wykonane z materia\u0142u CoolMax\u00ae s\u0105 wygodne i szybkoschn\u0105ce, mo\u017cna je te\u017c wyjmowa\u0107 i pra\u0107<\/li>\n<li>antyalergiczny i \u0142atwy w czyszczeniu pasek podbr\u00f3dkowy ze sztucznej sk\u00f3ry jest niezwykle wygodny i pomaga unika\u0107 podra\u017cnie\u0144<\/li>\n<li>odblaskowa wk\u0142adka z ty\u0142u zwi\u0119ksza bezpiecze\u0144stwo u\u017cytkownika<\/li>\n<\/ul>\n<p><span class=\"wartosc\"><b>Przeznaczenie:<\/b> szosa, gravel, MTB XC<br \/>\n<b>System dopasowania:<\/b> Octofit+<br \/>\n<b>Daszek:<\/b> nie<br \/>\n<b>Certyfikaty:<\/b> CE \/ UKCA \u2013 EN 1078<br \/>\n<b>Dost\u0119pne rozmiary:<\/b> S,M,L<br \/>\n<b>Masa: <\/b> 230 g <\/span><\/p>\n","protected":false},"excerpt":{"rendered":"<p><span class=\"wartosc\"><b>Kask Protone Icon zwi\u0119ksza wydajno\u015b\u0107 do granic mo\u017cliwo\u015bci dzi\u0119ki doskona\u0142ej r\u00f3wnowadze wydajno\u015bci, aerodynamiki i bezpiecze\u0144stwa.<\/b><\/span><\/p>\n","protected":false},"featured_media":11984,"comment_status":"open","ping_status":"closed","template":"","meta":{"inline_featured_image":false},"product_cat":[173],"product_tag":[],"class_list":{"0":"post-11983","1":"product","2":"type-product","3":"status-publish","4":"has-post-thumbnail","6":"product_cat-kaski","8":"first","9":"instock","10":"taxable","11":"shipping-taxable","12":"purchasable","13":"product-type-variable"},"_links":{"self":[{"href":"https:\/\/cycling-boutique.com\/index.php?rest_route=\/wp\/v2\/product\/11983","targetHints":{"allow":["GET"]}}],"collection":[{"href":"https:\/\/cycling-boutique.com\/index.php?rest_route=\/wp\/v2\/product"}],"about":[{"href":"https:\/\/cycling-boutique.com\/index.php?rest_route=\/wp\/v2\/types\/product"}],"replies":[{"embeddable":true,"href":"https:\/\/cycling-boutique.com\/index.php?rest_route=%2Fwp%2Fv2%2Fcomments&post=11983"}],"wp:featuredmedia":[{"embeddable":true,"href":"https:\/\/cycling-boutique.com\/index.php?rest_route=\/wp\/v2\/media\/11984"}],"wp:attachment":[{"href":"https:\/\/cycling-boutique.com\/index.php?rest_route=%2Fwp%2Fv2%2Fmedia&parent=11983"}],"wp:term":[{"taxonomy":"product_cat","embeddable":true,"href":"https:\/\/cycling-boutique.com\/index.php?rest_route=%2Fwp%2Fv2%2Fproduct_cat&post=11983"},{"taxonomy":"product_tag","embeddable":true,"href":"https:\/\/cycling-boutique.com\/index.php?rest_route=%2Fwp%2Fv2%2Fproduct_tag&post=11983"}],"curies":[{"name":"wp","href":"https:\/\/api.w.org\/{rel}","templated":true}]}}