{"id":12327,"date":"2026-01-29T14:21:09","date_gmt":"2026-01-29T14:21:09","guid":{"rendered":"https:\/\/cycling-boutique.com\/?post_type=product&#038;p=12327"},"modified":"2026-01-29T14:21:09","modified_gmt":"2026-01-29T14:21:09","slug":"torba-pinarello-front-triangle-bag-gravel-bags","status":"publish","type":"product","link":"https:\/\/cycling-boutique.com\/?product=torba-pinarello-front-triangle-bag-gravel-bags","title":{"rendered":"Torba Pinarello Front triangle bag Gravel Bags"},"content":{"rendered":"<p><strong data-start=\"189\" data-end=\"235\">Torba dedykowana do nowej generacji Grevil<\/strong><br data-start=\"235\" data-end=\"238\" \/>Torba zaprojektowana specjalnie pod now\u0105 generacj\u0119 rower\u00f3w Grevil. Ka\u017cdy rozmiar ramy posiada odpowiedni, dopasowany rozmiar torby, co zapewnia idealne dopasowanie i wygod\u0119 u\u017cytkowania.<\/p>\n","protected":false},"excerpt":{"rendered":"<p><strong data-start=\"189\" data-end=\"235\">Torba dedykowana do nowej generacji Grevil<\/strong><\/p>\n","protected":false},"featured_media":12334,"comment_status":"open","ping_status":"closed","template":"","meta":{"inline_featured_image":false},"product_cat":[174],"product_tag":[],"class_list":{"0":"post-12327","1":"product","2":"type-product","3":"status-publish","4":"has-post-thumbnail","6":"product_cat-akcesoria-pinarello","8":"first","9":"instock","10":"taxable","11":"shipping-taxable","12":"purchasable","13":"product-type-variable"},"_links":{"self":[{"href":"https:\/\/cycling-boutique.com\/index.php?rest_route=\/wp\/v2\/product\/12327","targetHints":{"allow":["GET"]}}],"collection":[{"href":"https:\/\/cycling-boutique.com\/index.php?rest_route=\/wp\/v2\/product"}],"about":[{"href":"https:\/\/cycling-boutique.com\/index.php?rest_route=\/wp\/v2\/types\/product"}],"replies":[{"embeddable":true,"href":"https:\/\/cycling-boutique.com\/index.php?rest_route=%2Fwp%2Fv2%2Fcomments&post=12327"}],"wp:featuredmedia":[{"embeddable":true,"href":"https:\/\/cycling-boutique.com\/index.php?rest_route=\/wp\/v2\/media\/12334"}],"wp:attachment":[{"href":"https:\/\/cycling-boutique.com\/index.php?rest_route=%2Fwp%2Fv2%2Fmedia&parent=12327"}],"wp:term":[{"taxonomy":"product_cat","embeddable":true,"href":"https:\/\/cycling-boutique.com\/index.php?rest_route=%2Fwp%2Fv2%2Fproduct_cat&post=12327"},{"taxonomy":"product_tag","embeddable":true,"href":"https:\/\/cycling-boutique.com\/index.php?rest_route=%2Fwp%2Fv2%2Fproduct_tag&post=12327"}],"curies":[{"name":"wp","href":"https:\/\/api.w.org\/{rel}","templated":true}]}}