{"id":12335,"date":"2026-01-29T14:26:50","date_gmt":"2026-01-29T14:26:50","guid":{"rendered":"https:\/\/cycling-boutique.com\/?post_type=product&#038;p=12335"},"modified":"2026-01-29T14:26:51","modified_gmt":"2026-01-29T14:26:51","slug":"torba-pinarello-top-tube-bag-gravel-bags","status":"publish","type":"product","link":"https:\/\/cycling-boutique.com\/?product=torba-pinarello-top-tube-bag-gravel-bags","title":{"rendered":"Torba Pinarello Top Tube bag Gravel Bags"},"content":{"rendered":"<p><strong data-start=\"94\" data-end=\"124\">Top Tube Bag \u2013 Gravel Bags<\/strong><br data-start=\"124\" data-end=\"127\" \/>Praktyczna torba montowana na g\u00f3rnej rurze ramy, idealna do rower\u00f3w gravel. Jednolity, uniwersalny rozmiar pasuje do wi\u0119kszo\u015bci ram i zapewnia \u0142atwy dost\u0119p do najpotrzebniejszych przedmiot\u00f3w podczas jazdy. Solidne mocowanie i wytrzyma\u0142e materia\u0142y gwarantuj\u0105 komfort i bezpiecze\u0144stwo przechowywanych rzeczy.<\/p>\n","protected":false},"excerpt":{"rendered":"<p><strong data-start=\"94\" data-end=\"124\">Top Tube Bag \u2013 Gravel Bags<\/strong><\/p>\n","protected":false},"featured_media":12336,"comment_status":"open","ping_status":"closed","template":"","meta":{"inline_featured_image":false},"product_cat":[174],"product_tag":[],"class_list":{"0":"post-12335","1":"product","2":"type-product","3":"status-publish","4":"has-post-thumbnail","6":"product_cat-akcesoria-pinarello","8":"first","9":"onbackorder","10":"taxable","11":"shipping-taxable","12":"purchasable","13":"product-type-simple"},"_links":{"self":[{"href":"https:\/\/cycling-boutique.com\/index.php?rest_route=\/wp\/v2\/product\/12335","targetHints":{"allow":["GET"]}}],"collection":[{"href":"https:\/\/cycling-boutique.com\/index.php?rest_route=\/wp\/v2\/product"}],"about":[{"href":"https:\/\/cycling-boutique.com\/index.php?rest_route=\/wp\/v2\/types\/product"}],"replies":[{"embeddable":true,"href":"https:\/\/cycling-boutique.com\/index.php?rest_route=%2Fwp%2Fv2%2Fcomments&post=12335"}],"wp:featuredmedia":[{"embeddable":true,"href":"https:\/\/cycling-boutique.com\/index.php?rest_route=\/wp\/v2\/media\/12336"}],"wp:attachment":[{"href":"https:\/\/cycling-boutique.com\/index.php?rest_route=%2Fwp%2Fv2%2Fmedia&parent=12335"}],"wp:term":[{"taxonomy":"product_cat","embeddable":true,"href":"https:\/\/cycling-boutique.com\/index.php?rest_route=%2Fwp%2Fv2%2Fproduct_cat&post=12335"},{"taxonomy":"product_tag","embeddable":true,"href":"https:\/\/cycling-boutique.com\/index.php?rest_route=%2Fwp%2Fv2%2Fproduct_tag&post=12335"}],"curies":[{"name":"wp","href":"https:\/\/api.w.org\/{rel}","templated":true}]}}