{"id":12339,"date":"2026-01-29T14:33:17","date_gmt":"2026-01-29T14:33:17","guid":{"rendered":"https:\/\/cycling-boutique.com\/?post_type=product&#038;p=12339"},"modified":"2026-01-29T14:33:17","modified_gmt":"2026-01-29T14:33:17","slug":"12339","status":"publish","type":"product","link":"https:\/\/cycling-boutique.com\/?product=12339","title":{"rendered":""},"content":{"rendered":"<p><strong data-start=\"90\" data-end=\"138\">COMPUTER MOUNTS STITULV2 \u2013 Other Accessories<\/strong><br data-start=\"138\" data-end=\"141\" \/>Solidny i lekki uchwyt na komputer rowerowy, zaprojektowany tak, aby stabilnie mocowa\u0107 urz\u0105dzenie w optymalnej pozycji przed kierownic\u0105. Kompatybilny z wi\u0119kszo\u015bci\u0105 modeli komputer\u00f3w rowerowych, wykonany z trwa\u0142ych materia\u0142\u00f3w, kt\u00f3re zapewniaj\u0105 bezpiecze\u0144stwo i d\u0142ugowieczno\u015b\u0107 nawet podczas wymagaj\u0105cych tras. Minimalistyczny design nie zaburza aerodynamiki roweru, a instalacja jest szybka i intuicyjna.<br \/>\nDedykowany do kierownicy zintegrowanej most.<br \/>\nW zestawie mocowanie Gopro oraz wk\u0142ad pod Wahoo oraz Garmin.<\/p>\n","protected":false},"excerpt":{"rendered":"<p>Solidny i lekki uchwyt na komputer rowerowy dedykowany do zintegrowanego kokpitu MOST<\/p>\n","protected":false},"featured_media":12340,"comment_status":"open","ping_status":"closed","template":"","meta":{"inline_featured_image":false},"product_cat":[174],"product_tag":[],"class_list":{"0":"post-12339","1":"product","2":"type-product","3":"status-publish","4":"has-post-thumbnail","6":"product_cat-akcesoria-pinarello","8":"first","9":"instock","10":"taxable","11":"shipping-taxable","12":"purchasable","13":"product-type-simple"},"_links":{"self":[{"href":"https:\/\/cycling-boutique.com\/index.php?rest_route=\/wp\/v2\/product\/12339","targetHints":{"allow":["GET"]}}],"collection":[{"href":"https:\/\/cycling-boutique.com\/index.php?rest_route=\/wp\/v2\/product"}],"about":[{"href":"https:\/\/cycling-boutique.com\/index.php?rest_route=\/wp\/v2\/types\/product"}],"replies":[{"embeddable":true,"href":"https:\/\/cycling-boutique.com\/index.php?rest_route=%2Fwp%2Fv2%2Fcomments&post=12339"}],"wp:featuredmedia":[{"embeddable":true,"href":"https:\/\/cycling-boutique.com\/index.php?rest_route=\/wp\/v2\/media\/12340"}],"wp:attachment":[{"href":"https:\/\/cycling-boutique.com\/index.php?rest_route=%2Fwp%2Fv2%2Fmedia&parent=12339"}],"wp:term":[{"taxonomy":"product_cat","embeddable":true,"href":"https:\/\/cycling-boutique.com\/index.php?rest_route=%2Fwp%2Fv2%2Fproduct_cat&post=12339"},{"taxonomy":"product_tag","embeddable":true,"href":"https:\/\/cycling-boutique.com\/index.php?rest_route=%2Fwp%2Fv2%2Fproduct_tag&post=12339"}],"curies":[{"name":"wp","href":"https:\/\/api.w.org\/{rel}","templated":true}]}}