{"id":12368,"date":"2026-01-29T14:47:21","date_gmt":"2026-01-29T14:47:21","guid":{"rendered":"https:\/\/cycling-boutique.com\/?post_type=product&#038;p=12368"},"modified":"2026-01-29T14:48:00","modified_gmt":"2026-01-29T14:48:00","slug":"factor-monza-solar-blue","status":"publish","type":"product","link":"https:\/\/cycling-boutique.com\/?product=factor-monza-solar-blue","title":{"rendered":"FACTOR MONZA Solar Blue"},"content":{"rendered":"<p data-start=\"407\" data-end=\"794\">Rower <strong data-start=\"413\" data-end=\"429\">Factor Monza<\/strong> zosta\u0142 stworzony z my\u015bl\u0105 o tych, kt\u00f3rzy \u0142\u0105cz\u0105 pasj\u0119 do \u015bcigania z codziennym treningiem, \u017cyciem zawodowym i innymi obowi\u0105zkami. To <strong data-start=\"561\" data-end=\"594\">wysokowydajna maszyna szosowa<\/strong>, kt\u00f3ra oferuje aerodynamik\u0119 i sztywno\u015b\u0107 na poziomie bliskim elitarnym modelom, jednocze\u015bnie pozostaj\u0105c bardziej przyst\u0119pna i praktyczna w codziennym u\u017cytkowaniu.<\/p>\n<h3 data-start=\"796\" data-end=\"841\"><strong data-start=\"800\" data-end=\"841\">Wy\u015bcigowa wydajno\u015b\u0107 w realnym \u015bwiecie<\/strong><\/h3>\n<p data-start=\"842\" data-end=\"1031\">Monza \u0142\u0105czy osi\u0105gi roweru wy\u015bcigowego ze <strong data-start=\"883\" data-end=\"916\">wszechstronno\u015bci\u0105 u\u017cytkowania<\/strong>, przewy\u017cszaj\u0105c oczekiwania szosowc\u00f3w\u2011amator\u00f3w. Zaprojektowana z my\u015bl\u0105 o zar\u00f3wno treningu, jak i zawodach, oferuje:<\/p>\n<ul data-start=\"1032\" data-end=\"1325\">\n<li data-start=\"1032\" data-end=\"1118\">\n<p data-start=\"1034\" data-end=\"1118\"><strong data-start=\"1034\" data-end=\"1063\">zaawansowan\u0105 aerodynamik\u0119<\/strong> przy jednoczesnym nacisku na praktyczne rozwi\u0105zania,<\/p>\n<\/li>\n<li data-start=\"1119\" data-end=\"1232\">\n<p data-start=\"1121\" data-end=\"1232\">\u201edemokratyczn\u0105\u201d geometri\u0119 z nieco wy\u017cszym stackiem dla wi\u0119kszego komfortu bez utraty agresywnego prowadzenia,<\/p>\n<\/li>\n<li data-start=\"1233\" data-end=\"1325\">\n<p data-start=\"1235\" data-end=\"1325\">lekko\u015b\u0107 i sztywno\u015b\u0107 zgodn\u0105 z DNA rower\u00f3w z peletonu.<\/p>\n<\/li>\n<\/ul>\n<h3 data-start=\"1327\" data-end=\"1363\"><strong data-start=\"1331\" data-end=\"1363\">Gotowa na codzienne wyzwania<\/strong><\/h3>\n<p data-start=\"1364\" data-end=\"1459\">Monza to nie tylko wy\u015bcig\u00f3wka \u2014 to rower, kt\u00f3ry dobrze sprawdza si\u0119 w codziennym \u017cyciu kolarza:<\/p>\n<ul data-start=\"1460\" data-end=\"1871\">\n<li data-start=\"1460\" data-end=\"1603\">\n<p data-start=\"1462\" data-end=\"1603\"><strong data-start=\"1462\" data-end=\"1509\">wbudowane praktyczne schowki w dolnej rurze<\/strong> eliminuj\u0105 potrzeb\u0119 dodatkowych sakw lub torebek, poprawiaj\u0105c aerodynamik\u0119 i funkcjonalno\u015b\u0107,<\/p>\n<\/li>\n<li data-start=\"1604\" data-end=\"1723\">\n<p data-start=\"1606\" data-end=\"1723\">mo\u017cliwo\u015b\u0107 monta\u017cu opon do <strong data-start=\"1632\" data-end=\"1641\">34\u202fmm<\/strong> pozwala na komfortow\u0105 jazd\u0119 nawet po nier\u00f3wnych drogach i d\u0142u\u017cszych treningach,<\/p>\n<\/li>\n<li data-start=\"1724\" data-end=\"1871\">\n<p data-start=\"1726\" data-end=\"1871\">kompatybilno\u015b\u0107 z <strong data-start=\"1743\" data-end=\"1780\">UDH (Universal Derailleur Hanger)<\/strong> przygotowuje rower na przysz\u0142e rozwi\u0105zania nap\u0119dowe.<\/p>\n<\/li>\n<\/ul>\n<h3 data-start=\"1873\" data-end=\"1906\"><strong data-start=\"1877\" data-end=\"1906\">Technologia i konstrukcja<\/strong><\/h3>\n<ul data-start=\"1907\" data-end=\"2747\">\n<li data-start=\"1907\" data-end=\"2023\">\n<p data-start=\"1909\" data-end=\"2023\"><strong data-start=\"1909\" data-end=\"1918\">Rama:<\/strong> Toray\u00ae Pan\u2011Based Graphite \u2014 lekka, aerodynamiczna i responsywna.<\/p>\n<\/li>\n<li data-start=\"2024\" data-end=\"2161\">\n<p data-start=\"2026\" data-end=\"2161\"><strong data-start=\"2026\" data-end=\"2038\">Widelec:<\/strong> MONZA Wide Stance Fork \u2014 zoptymalizowany dla szybkiego prowadzenia i aerodynamiki.<\/p>\n<\/li>\n<li data-start=\"2162\" data-end=\"2307\">\n<p data-start=\"2164\" data-end=\"2307\"><strong data-start=\"2164\" data-end=\"2178\">Mocowania:<\/strong> Thru\u2011Axle 12\u00d7100\u202fmm prz\u00f3d \/ 12\u00d7142\u202fmm ty\u0142 \u2014 maksymalna sztywno\u015b\u0107 i precyzja prowadzenia.<\/p>\n<\/li>\n<li data-start=\"2308\" data-end=\"2426\">\n<p data-start=\"2310\" data-end=\"2426\"><strong data-start=\"2310\" data-end=\"2331\">Standard suportu:<\/strong> T47 \u2014 \u0142atwy serwis i kompatybilno\u015b\u0107 z r\u00f3\u017cnymi korbami.<\/p>\n<\/li>\n<li data-start=\"2427\" data-end=\"2556\">\n<p data-start=\"2429\" data-end=\"2556\"><strong data-start=\"2429\" data-end=\"2453\">Przestrze\u0144 na opony:<\/strong> do 34\u202fmm \u2014 wi\u0119kszy komfort, mniej drga\u0144 i lepsza przyczepno\u015b\u0107.<\/p>\n<\/li>\n<li data-start=\"2557\" data-end=\"2747\">\n<p data-start=\"2559\" data-end=\"2747\"><strong data-start=\"2559\" data-end=\"2585\">Wej\u015bcie na przysz\u0142o\u015b\u0107:<\/strong> czyste prowadzenie przewod\u00f3w, mo\u017cliwo\u015b\u0107 integracji \u015bwiat\u0142a\/radaru, pilot\u00f3w i innych akcesori\u00f3w bez utraty aerodynamiki.<\/p>\n<\/li>\n<\/ul>\n<h3 data-start=\"2749\" data-end=\"2782\"><strong data-start=\"2753\" data-end=\"2782\">Komponenty i konfiguracja<\/strong><\/h3>\n<p data-start=\"2783\" data-end=\"2917\">Monza dost\u0119pna jest w zestawieniach z r\u00f3\u017cnymi grupami nap\u0119dowymi i podzespo\u0142ami \u2014 tak, aby idealnie dopasowa\u0107 rower do Twoich potrzeb:<\/p>\n<ul data-start=\"2918\" data-end=\"3311\">\n<li data-start=\"2918\" data-end=\"3022\">\n<p data-start=\"2920\" data-end=\"3022\"><strong data-start=\"2920\" data-end=\"2954\">SRAM Force AXS <\/strong>\u2014 dla ambitnych zawodnik\u00f3w, kt\u00f3rzy chc\u0105 analizowa\u0107 ka\u017cdy trening &#8211;<\/p>\n<\/li>\n<li data-start=\"3023\" data-end=\"3128\">\n<p data-start=\"3025\" data-end=\"3128\"><strong data-start=\"3025\" data-end=\"3048\">Shimano Ultegra Di2<\/strong> \u2014 dla tych, kt\u00f3rzy ceni\u0105 niezawodno\u015b\u0107 i szybkie, elektroniczne zmiany bieg\u00f3w,<\/p>\n<\/li>\n<li data-start=\"3129\" data-end=\"3311\">\n<p data-start=\"3131\" data-end=\"3311\">Mo\u017cliwo\u015b\u0107 wyboru <strong>szeroko\u015bci oraz d\u0142ugo\u015bci <\/strong><strong data-start=\"3148\" data-end=\"3219\">kierownicy, d\u0142ugo\u015bci korby, prze\u0142o\u017ce\u0144 <\/strong>\u00a0w zale\u017cno\u015bci od stylu jazdy i anatomii u\u017cytkownika.<\/p>\n<\/li>\n<\/ul>\n<h3 data-start=\"3313\" data-end=\"3341\"><strong data-start=\"3317\" data-end=\"3341\">Dla kogo jest Monza?<\/strong><\/h3>\n<p data-start=\"3342\" data-end=\"3375\"><strong data-start=\"3342\" data-end=\"3351\">Monza<\/strong> to doskona\u0142y wyb\u00f3r dla:<\/p>\n<ul data-start=\"3376\" data-end=\"3755\">\n<li data-start=\"3376\" data-end=\"3451\">\n<p data-start=\"3378\" data-end=\"3451\">ambitnych amator\u00f3w, kt\u00f3rzy \u015bcigaj\u0105 si\u0119 w weekendy i trenuj\u0105 w tygodniu,<\/p>\n<\/li>\n<li data-start=\"3452\" data-end=\"3556\">\n<p data-start=\"3454\" data-end=\"3556\">os\u00f3b szukaj\u0105cych roweru szybkiego i responsywnego, ale komfortowego r\u00f3wnie\u017c na d\u0142u\u017cszych dystansach,<\/p>\n<\/li>\n<li data-start=\"3557\" data-end=\"3755\">\n<p data-start=\"3559\" data-end=\"3755\">kolarzy, kt\u00f3rzy chc\u0105 zbudowa\u0107 rower <strong data-start=\"3595\" data-end=\"3615\">\u201eszyty na miar\u0119\u201d<\/strong> pod konkretne potrzeby \u2014 od szosowych trening\u00f3w, przez starty w wy\u015bcigach, a\u017c po codzienne dojazdy.<\/p>\n<\/li>\n<\/ul>\n","protected":false},"excerpt":{"rendered":"<p>Rower <strong data-start=\"413\" data-end=\"429\">Factor Monza<\/strong> zosta\u0142 stworzony z my\u015bl\u0105 o tych, kt\u00f3rzy \u0142\u0105cz\u0105 pasj\u0119 do \u015bcigania z codziennym treningiem, \u017cyciem zawodowym i innymi obowi\u0105zkami. To <strong data-start=\"561\" data-end=\"594\">wysokowydajna maszyna szosowa<\/strong>, kt\u00f3ra oferuje aerodynamik\u0119 i sztywno\u015b\u0107 na poziomie bliskim elitarnym modelom, jednocze\u015bnie pozostaj\u0105c bardziej przyst\u0119pna i praktyczna w codziennym u\u017cytkowaniu.<\/p>\n","protected":false},"featured_media":12352,"comment_status":"open","ping_status":"closed","template":"","meta":{"inline_featured_image":false},"product_cat":[100,78,142],"product_tag":[],"class_list":{"0":"post-12368","1":"product","2":"type-product","3":"status-publish","4":"has-post-thumbnail","6":"product_cat-factor","7":"product_cat-rowery","8":"product_cat-szosa","10":"first","11":"onbackorder","12":"taxable","13":"shipping-taxable","14":"purchasable","15":"product-type-variable"},"_links":{"self":[{"href":"https:\/\/cycling-boutique.com\/index.php?rest_route=\/wp\/v2\/product\/12368","targetHints":{"allow":["GET"]}}],"collection":[{"href":"https:\/\/cycling-boutique.com\/index.php?rest_route=\/wp\/v2\/product"}],"about":[{"href":"https:\/\/cycling-boutique.com\/index.php?rest_route=\/wp\/v2\/types\/product"}],"replies":[{"embeddable":true,"href":"https:\/\/cycling-boutique.com\/index.php?rest_route=%2Fwp%2Fv2%2Fcomments&post=12368"}],"wp:featuredmedia":[{"embeddable":true,"href":"https:\/\/cycling-boutique.com\/index.php?rest_route=\/wp\/v2\/media\/12352"}],"wp:attachment":[{"href":"https:\/\/cycling-boutique.com\/index.php?rest_route=%2Fwp%2Fv2%2Fmedia&parent=12368"}],"wp:term":[{"taxonomy":"product_cat","embeddable":true,"href":"https:\/\/cycling-boutique.com\/index.php?rest_route=%2Fwp%2Fv2%2Fproduct_cat&post=12368"},{"taxonomy":"product_tag","embeddable":true,"href":"https:\/\/cycling-boutique.com\/index.php?rest_route=%2Fwp%2Fv2%2Fproduct_tag&post=12368"}],"curies":[{"name":"wp","href":"https:\/\/api.w.org\/{rel}","templated":true}]}}