{"id":12937,"date":"2026-02-10T17:18:33","date_gmt":"2026-02-10T17:18:33","guid":{"rendered":"https:\/\/cycling-boutique.com\/?post_type=product&#038;p=12937"},"modified":"2026-02-10T17:20:42","modified_gmt":"2026-02-10T17:20:42","slug":"fizik-siodlo-vento-argo-r1-adaptive","status":"publish","type":"product","link":"https:\/\/cycling-boutique.com\/?product=fizik-siodlo-vento-argo-r1-adaptive","title":{"rendered":"FIZIK SIOD\u0141O VENTO ARGO R1 ADAPTIVE"},"content":{"rendered":"<h3 data-start=\"111\" data-end=\"174\">Siode\u0142ko sportowe z w\u0142\u00f3knem w\u0119glowym i technologi\u0105 WingFlex<\/h3>\n<p data-start=\"176\" data-end=\"491\">Siode\u0142ko <strong data-start=\"185\" data-end=\"208\">VENTO ARGO ADAPTIVE<\/strong> z <strong data-start=\"211\" data-end=\"251\">nylonu wzmocnionego w\u0142\u00f3knem w\u0119glowym<\/strong> i systemem <strong data-start=\"263\" data-end=\"275\">WingFlex<\/strong> \u0142\u0105czy lekko\u015b\u0107, wytrzyma\u0142o\u015b\u0107 i wyj\u0105tkowy komfort jazdy. Szyny <strong data-start=\"337\" data-end=\"354\">Carbon 7&#215;9 mm<\/strong> zapewniaj\u0105 idealn\u0105 r\u00f3wnowag\u0119 mi\u0119dzy sztywno\u015bci\u0105 a elastyczno\u015bci\u0105, umo\u017cliwiaj\u0105c efektywne przenoszenie mocy i pe\u0142n\u0105 kontrol\u0119 nad rowerem.<\/p>\n<p data-start=\"493\" data-end=\"754\">Ergonomiczna konstrukcja <strong data-start=\"518\" data-end=\"526\">Argo<\/strong> wspiera naturalne ruchy bioder, a technologia WingFlex pozwala na delikatne dostosowanie siode\u0142ka do pozycji kolarza podczas peda\u0142owania. To idealny wyb\u00f3r dla os\u00f3b, kt\u00f3re ceni\u0105 sportow\u0105 wydajno\u015b\u0107 i komfort na d\u0142ugich trasach.<\/p>\n<h3 data-start=\"761\" data-end=\"788\">Specyfikacja techniczna<\/h3>\n<ul data-start=\"789\" data-end=\"969\">\n<li data-start=\"789\" data-end=\"827\">\n<p data-start=\"791\" data-end=\"827\"><strong data-start=\"791\" data-end=\"805\">Platforma:<\/strong> VENTO ARGO ADAPTIVE<\/p>\n<\/li>\n<li data-start=\"828\" data-end=\"889\">\n<p data-start=\"830\" data-end=\"889\"><strong data-start=\"830\" data-end=\"842\">Skorupa:<\/strong> nylon wzmacniany w\u0142\u00f3knem w\u0119glowym z WingFlex<\/p>\n<\/li>\n<li data-start=\"890\" data-end=\"923\">\n<p data-start=\"892\" data-end=\"923\"><strong data-start=\"892\" data-end=\"902\">Szyny:<\/strong> R1 \u2013 Carbon 7&#215;9 mm<\/p>\n<\/li>\n<li data-start=\"924\" data-end=\"949\">\n<p data-start=\"926\" data-end=\"949\"><strong data-start=\"926\" data-end=\"940\">Szeroko\u015b\u0107:<\/strong> 150 mm<\/p>\n<\/li>\n<li data-start=\"950\" data-end=\"969\">\n<p data-start=\"952\" data-end=\"969\"><strong data-start=\"952\" data-end=\"961\">Waga:<\/strong> 196 g<\/p>\n<\/li>\n<\/ul>\n","protected":false},"excerpt":{"rendered":"<h3><span class=\"wartosc\">Nowy wymiar komfortu siode\u0142ka.\u00a0<\/span><\/h3>\n","protected":false},"featured_media":12940,"comment_status":"open","ping_status":"closed","template":"","meta":{"inline_featured_image":false},"product_cat":[80,175],"product_tag":[],"class_list":{"0":"post-12937","1":"product","2":"type-product","3":"status-publish","4":"has-post-thumbnail","6":"product_cat-czesci","7":"product_cat-siodelka","9":"first","10":"onbackorder","11":"taxable","12":"shipping-taxable","13":"purchasable","14":"product-type-variable"},"_links":{"self":[{"href":"https:\/\/cycling-boutique.com\/index.php?rest_route=\/wp\/v2\/product\/12937","targetHints":{"allow":["GET"]}}],"collection":[{"href":"https:\/\/cycling-boutique.com\/index.php?rest_route=\/wp\/v2\/product"}],"about":[{"href":"https:\/\/cycling-boutique.com\/index.php?rest_route=\/wp\/v2\/types\/product"}],"replies":[{"embeddable":true,"href":"https:\/\/cycling-boutique.com\/index.php?rest_route=%2Fwp%2Fv2%2Fcomments&post=12937"}],"wp:featuredmedia":[{"embeddable":true,"href":"https:\/\/cycling-boutique.com\/index.php?rest_route=\/wp\/v2\/media\/12940"}],"wp:attachment":[{"href":"https:\/\/cycling-boutique.com\/index.php?rest_route=%2Fwp%2Fv2%2Fmedia&parent=12937"}],"wp:term":[{"taxonomy":"product_cat","embeddable":true,"href":"https:\/\/cycling-boutique.com\/index.php?rest_route=%2Fwp%2Fv2%2Fproduct_cat&post=12937"},{"taxonomy":"product_tag","embeddable":true,"href":"https:\/\/cycling-boutique.com\/index.php?rest_route=%2Fwp%2Fv2%2Fproduct_tag&post=12937"}],"curies":[{"name":"wp","href":"https:\/\/api.w.org\/{rel}","templated":true}]}}