{"id":13632,"date":"2026-03-24T16:28:57","date_gmt":"2026-03-24T16:28:57","guid":{"rendered":"https:\/\/cycling-boutique.com\/?post_type=product&#038;p=13632"},"modified":"2026-03-24T16:32:26","modified_gmt":"2026-03-24T16:32:26","slug":"hamulce-trickstuff-piccola","status":"publish","type":"product","link":"https:\/\/cycling-boutique.com\/?product=hamulce-trickstuff-piccola","title":{"rendered":"Hamulce Trickstuff Piccola"},"content":{"rendered":"<h3 data-section-id=\"17bua3x\" data-start=\"118\" data-end=\"188\">Trickstuff Piccola \u2013 ultralekkie, topowe hamulce MTB klasy premium<\/h3>\n<p data-start=\"190\" data-end=\"469\">Hamulce <strong data-start=\"198\" data-end=\"220\">Trickstuff Piccola<\/strong> to jedne z najbardziej zaawansowanych i ekskluzywnych hydraulicznych hamulc\u00f3w rowerowych na \u015bwiecie. Niemiecka marka Trickstuff s\u0142ynie z r\u0119cznej produkcji oraz bezkompromisowego podej\u015bcia do jako\u015bci, a model Piccola jest tego najlepszym przyk\u0142adem.<\/p>\n<p data-start=\"471\" data-end=\"594\">To hamulce stworzone dla najbardziej wymagaj\u0105cych rider\u00f3w \u2013 od lekkiego XC, przez maratony, a\u017c po agresywn\u0105 jazd\u0119 w g\u00f3rach.<\/p>\n<h3 data-section-id=\"tv2yvh\" data-start=\"601\" data-end=\"652\">Najwa\u017cniejsze cechy hamulc\u00f3w Trickstuff Piccola<\/h3>\n<p data-start=\"654\" data-end=\"829\"><strong data-start=\"654\" data-end=\"680\">\u2714 Niezwykle niska waga<\/strong><br data-start=\"680\" data-end=\"683\" \/>Modele Piccola nale\u017c\u0105 do najl\u017cejszych hamulc\u00f3w na rynku \u2013 wersja Carbon wa\u017cy ju\u017c od oko\u0142o 340 g za komplet<\/p>\n<p data-start=\"831\" data-end=\"1013\"><strong data-start=\"831\" data-end=\"864\">\u2714 Hydrauliczna si\u0142a hamowania<\/strong><br data-start=\"864\" data-end=\"867\" \/>Zaawansowana konstrukcja hydrauliczna zapewnia bardzo du\u017c\u0105 moc hamowania przy minimalnym u\u017cyciu si\u0142y palca<\/p>\n<p data-start=\"1015\" data-end=\"1186\"><strong data-start=\"1015\" data-end=\"1041\">\u2714 Precyzyjna modulacja<\/strong><br data-start=\"1041\" data-end=\"1044\" \/>Hamulce oferuj\u0105 \u015bwietne wyczucie \u2013 mo\u017cesz dok\u0142adnie kontrolowa\u0107 si\u0142\u0119 hamowania nawet w trudnym terenie<\/p>\n<p data-start=\"1188\" data-end=\"1222\"><strong data-start=\"1188\" data-end=\"1220\">\u2714 Najwy\u017csza jako\u015b\u0107 wykonania<\/strong><\/p>\n<ul data-start=\"1223\" data-end=\"1364\">\n<li data-section-id=\"8t7pb3\" data-start=\"1223\" data-end=\"1265\">elementy z tytanu lub w\u0142\u00f3kna w\u0119glowego<\/li>\n<li data-section-id=\"pe9i8n\" data-start=\"1266\" data-end=\"1285\">przewody Kevlar<\/li>\n<li data-section-id=\"1uqq209\" data-start=\"1286\" data-end=\"1364\">precyzyjne, CNC obrabiane komponenty<\/li>\n<\/ul>\n<p data-start=\"1366\" data-end=\"1552\"><strong data-start=\"1366\" data-end=\"1394\">\u2714 Nowoczesna technologia<\/strong><br data-start=\"1394\" data-end=\"1397\" \/>Zaawansowane t\u0142oczki i zoptymalizowany uk\u0142ad hydrauliczny zapewniaj\u0105 stabiln\u0105 prac\u0119 nawet przy du\u017cych temperaturach<\/p>\n<h3 data-section-id=\"c0voum\" data-start=\"1559\" data-end=\"1597\">Wersje hamulc\u00f3w Trickstuff Piccola<\/h3>\n<p data-start=\"1599\" data-end=\"1622\"><strong data-start=\"1599\" data-end=\"1620\">\ud83d\udd39 Piccola Carbon<\/strong><\/p>\n<ul data-start=\"1623\" data-end=\"1778\">\n<li data-section-id=\"1bpvjiv\" data-start=\"1623\" data-end=\"1649\">ultralekka konstrukcja<\/li>\n<li data-section-id=\"alyk6s\" data-start=\"1650\" data-end=\"1672\">2-t\u0142oczkowy zacisk<\/li>\n<li data-section-id=\"1axema9\" data-start=\"1673\" data-end=\"1702\">idealne do XC i maraton\u00f3w<\/li>\n<li data-section-id=\"1e8i6im\" data-start=\"1703\" data-end=\"1778\">bardzo dobra modulacja i kontrola<\/li>\n<\/ul>\n<h3 data-section-id=\"oiakqn\" data-start=\"2006\" data-end=\"2049\">Dla kogo s\u0105 hamulce Trickstuff Piccola?<\/h3>\n<p data-start=\"2051\" data-end=\"2082\">Hamulce Piccola to wyb\u00f3r dla:<\/p>\n<ul data-start=\"2083\" data-end=\"2259\">\n<li data-section-id=\"1i8zp4v\" data-start=\"2083\" data-end=\"2113\">zaawansowanych kolarzy MTB<\/li>\n<li data-section-id=\"1a7ebwj\" data-start=\"2114\" data-end=\"2156\">os\u00f3b buduj\u0105cych lekkie i topowe rowery<\/li>\n<li data-section-id=\"8kkjy7\" data-start=\"2157\" data-end=\"2211\">rider\u00f3w oczekuj\u0105cych maksymalnej jako\u015bci i osi\u0105g\u00f3w<\/li>\n<li data-section-id=\"15knnss\" data-start=\"2212\" data-end=\"2259\">u\u017cytkownik\u00f3w, kt\u00f3rzy nie uznaj\u0105 kompromis\u00f3w<\/li>\n<\/ul>\n<h3 data-section-id=\"18w2mwd\" data-start=\"2266\" data-end=\"2282\">Podsumowanie<\/h3>\n<p data-start=\"2284\" data-end=\"2533\">Trickstuff Piccola to <strong data-start=\"2306\" data-end=\"2396\">po\u0142\u0105czenie ekstremalnie niskiej wagi, ogromnej si\u0142y hamowania i perfekcyjnej modulacji<\/strong>. To produkt klasy premium, kt\u00f3ry wyr\u00f3\u017cnia si\u0119 zar\u00f3wno technologi\u0105, jak i wykonaniem \u2013 idealny dla najbardziej wymagaj\u0105cych u\u017cytkownik\u00f3w.<\/p>\n","protected":false},"excerpt":{"rendered":"<p>Trickstuff Piccola \u2013 ultralekkie, topowe hamulce MTB klasy premium<\/p>\n<p data-start=\"190\" data-end=\"469\">Hamulce <strong data-start=\"198\" data-end=\"220\">Trickstuff Piccola<\/strong> to jedne z najbardziej zaawansowanych i ekskluzywnych hydraulicznych hamulc\u00f3w rowerowych na \u015bwiecie. Niemiecka marka Trickstuff s\u0142ynie z r\u0119cznej produkcji oraz bezkompromisowego podej\u015bcia do jako\u015bci, a model Piccola jest tego najlepszym przyk\u0142adem.<\/p>\n<p data-start=\"471\" data-end=\"594\">To hamulce stworzone dla najbardziej wymagaj\u0105cych rider\u00f3w \u2013 od lekkiego XC, przez maratony, a\u017c po agresywn\u0105 jazd\u0119 w g\u00f3rach.<\/p>\n","protected":false},"featured_media":13635,"comment_status":"open","ping_status":"closed","template":"","meta":{"inline_featured_image":false},"product_cat":[89,198],"product_tag":[],"class_list":{"0":"post-13632","1":"product","2":"type-product","3":"status-publish","4":"has-post-thumbnail","6":"product_cat-bizuteria-rowerowa","7":"product_cat-trickstuff","9":"first","10":"instock","11":"taxable","12":"shipping-taxable","13":"purchasable","14":"product-type-variable"},"_links":{"self":[{"href":"https:\/\/cycling-boutique.com\/index.php?rest_route=\/wp\/v2\/product\/13632","targetHints":{"allow":["GET"]}}],"collection":[{"href":"https:\/\/cycling-boutique.com\/index.php?rest_route=\/wp\/v2\/product"}],"about":[{"href":"https:\/\/cycling-boutique.com\/index.php?rest_route=\/wp\/v2\/types\/product"}],"replies":[{"embeddable":true,"href":"https:\/\/cycling-boutique.com\/index.php?rest_route=%2Fwp%2Fv2%2Fcomments&post=13632"}],"wp:featuredmedia":[{"embeddable":true,"href":"https:\/\/cycling-boutique.com\/index.php?rest_route=\/wp\/v2\/media\/13635"}],"wp:attachment":[{"href":"https:\/\/cycling-boutique.com\/index.php?rest_route=%2Fwp%2Fv2%2Fmedia&parent=13632"}],"wp:term":[{"taxonomy":"product_cat","embeddable":true,"href":"https:\/\/cycling-boutique.com\/index.php?rest_route=%2Fwp%2Fv2%2Fproduct_cat&post=13632"},{"taxonomy":"product_tag","embeddable":true,"href":"https:\/\/cycling-boutique.com\/index.php?rest_route=%2Fwp%2Fv2%2Fproduct_tag&post=13632"}],"curies":[{"name":"wp","href":"https:\/\/api.w.org\/{rel}","templated":true}]}}